 23. Let q = a + -4. Suppose -3*g = -2*g - q. List the prime factors of g.
3
Let u(x) = 18*x + 10. Let c be u(9). Suppose z - 2*d = -2*z + c, 169 = 3*z - 5*d. Suppose 4*o - 1 = -5*s + z, 2*s - 21 = o. What are the prime factors of s?
11
Let r(l) = -6*l - 5. What are the prime factors of r(-5)?
5
Let m(q) = 7 + q - q**2 - 9 + 4. Let a be m(0). Suppose -d + 9 = a*d. List the prime factors of d.
3
Let d = 287 + -161. What are the prime factors of d?
2, 3, 7
Suppose 0 = -4*b - 3*u + 34, -6*b + 3*b = -3*u - 36. Suppose -5*c = k + 1, -5*k + c + 11 = -b. Suppose n - 25 = -k*n. List the prime factors of n.
5
What are the prime factors of 16 - 3*(-2)/(-6)?
3, 5
What are the prime factors of 4 + 269 + (6 - 1)?
2, 139
Let p(n) = 3*n + 1. Let b be p(1). Suppose b*q - s = -984, -5*q - 4*s - 1230 = s. List the prime factors of q/(-21) + (-6)/(-21).
2, 3
Let d(p) = 16*p + 8. Let g be d(5). Suppose -g = -7*x + 3*x. What are the prime factors of x?
2, 11
Suppose -5 = -4*t + 11, -4*z + 444 = 3*t. What are the prime factors of z?
2, 3
Suppose -3*h + 135 = 5*l, -2*h - 3*l = l - 92. What are the prime factors of h?
2, 5
Let v(s) = -s**3 - 4*s**2 - 5*s. Suppose 0 = -5*w + 4*w. Suppose w = 2*d - d + 4. List the prime factors of v(d).
2, 5
Suppose 3*m + 4*v = 8*m - 60, 0 = m + 3*v + 7. List the prime factors of m.
2
Suppose -2*q + 119 = v - 4*q, 4*v = -2*q + 426. What are the prime factors of v?
109
Let z(q) = -q**2 - 5*q + 1. Let f = 3 + -7. Let w be (f/(-2))/(-2) + -3. What are the prime factors of z(w)?
5
Suppose -5*b + 10 = -h, -5*b - 2*h + 10 = -0*b. What are the prime factors of b - (2/(-1) - 9)?
13
Let b(d) = 8*d - 1. List the prime factors of b(4).
31
Let d = -59 + 86. What are the prime factors of d?
3
Let b be ((-71)/2)/(1/(-2)). Suppose 5*m = 14 + b. Suppose 4*x - m = 19. What are the prime factors of x?
3
Let u be (-2)/8 + 4/16. Suppose -3*k + 0*k = u. Suppose 2*y - 16 = -k*y. What are the prime factors of y?
2
Suppose -6*i - 42 + 114 = 0. List the prime factors of i.
2, 3
Let w = -36 - -113. Let n = w - 55. What are the prime factors of n?
2, 11
Let t = -82 - -44. Let g(w) = -w**2 + 2*w + 23. Let k be g(8). Let q = k - t. List the prime factors of q.
13
Suppose 0 = 5*j + 15, 0 = -4*o - 3*j + 143 + 140. What are the prime factors of o?
73
Let g be 3 + -4 - 106*1. Let p = g - -170. Suppose -5*y + h = -2*h - p, 35 = 3*y + h. What are the prime factors of y?
2, 3
Suppose -7*n + 16 = -3*n. Suppose 4*s + 41 = -3*x + 8*x, 3*s - 8 = -n*x. What are the prime factors of x?
5
Let t = -373 - -527. List the prime factors of t.
2, 7, 11
Let l(a) = -2*a + 13. Let y be l(9). Let z = y - -19. List the prime factors of z.
2, 7
Let t(g) = g**3 + 8*g**2 - 9*g + 10. Let p(v) = -4*v + 5. Let z(w) = -w + 1. Let i(k) = -p(k) + 2*z(k). Let q be i(-3). What are the prime factors of t(q)?
2, 5
What are the prime factors of (-2)/(-1 + 355/365)?
73
Let y(x) = 2*x**3 + 2*x**2 - x. Let k be y(1). Suppose 0*t + k = t. What are the prime factors of (-2)/t*(-66)/4?
11
Suppose -30 = -4*b + 18. List the prime factors of b.
2, 3
Let a(m) = -1 - 3*m**2 - 2 - 2*m + 5*m**2 - m**2. What are the prime factors of a(-2)?
5
What are the prime factors of -1*(654/(-15) + (-6)/15)?
2, 11
Let q(h) be the first derivative of -h**2 + 5*h - 2. What are the prime factors of q(-4)?
13
Let f(g) = 2*g**3 + g**2 + 2*g + 1. Let p be f(-1). Let d = p - -4. Suppose 0 = -u + 3, -2*r - d*r + u = -13. What are the prime factors of r?
2
Suppose -18 = 4*v + 10. Let a = 14 + v. Suppose -2*r - 25 = -a*r. What are the prime factors of r?
5
Let i(d) = d**2 - 5*d - 10. Let k be i(7). Suppose m - 34 = k*w, 0*w = -3*m + 4*w + 94. Let y = m + -17. What are the prime factors of y?
13
Let y(v) be the second derivative of v**4/12 - 5*v**3/6 - 9*v**2/2 - 6*v. Suppose 0 = 3*x - 19 - 2. List the prime factors of y(x).
5
Suppose 29 = 6*i - 5*i. What are the prime factors of i?
29
Suppose -3*i - 2*g = -38, -5*i = -g + 5*g - 64. Suppose 0*p = 7*p + 14. List the prime factors of p*2*(-21)/i.
7
Let x be (-1 - 0)*(1 - -5). Let b = x - -7. What are the prime factors of 1/2*(31 - b)?
3, 5
Suppose 5*o - 54 = -b + 26, -3*b + 3*o = -168. List the prime factors of b.
2, 3, 5
Let o(h) = h**3 + 7*h**2 - 11*h + 6. Let j be o(-8). Let s = j - 21. List the prime factors of 0 + 3/(s/6).
2
Let n = -15 - 12. Let j = -18 - n. List the prime factors of 3/(j/6) - -11.
13
Let l = -5 + 8. Let h = -2 + 2. Let k = l + h. What are the prime factors of k?
3
Let c(k) = -k**3 + 4*k**2 - k - 4. Let u be c(3). List the prime factors of (6/24)/(u/328).
41
Suppose -2*g - 3*a + 7 = -0*a, -2*a - 2 = -2*g. Suppose 0 = 5*y + 2*m - 49, -3*m - 15 = g*m. List the prime factors of y.
11
Suppose 0 = -5*b - 5, 5*b - 43 = -3*i - i. Suppose 3*d - i = -3*v, -d + 17 = 3*v + d. What are the prime factors of v?
3
Let u be 17/(-4) - (-1)/4. Let k = u - -16. What are the prime factors of k?
2, 3
Suppose -4*k + 2*o + 174 = -2*k, 3*k + o = 257. What are the prime factors of k?
2, 43
Let f(q) = 2*q**2 - 2*q. Let b(d) = 5*d - 3. Let m(w) = 21*w - 13. Let y(a) = -9*b(a) + 2*m(a). Let u be y(1). List the prime factors of f(u).
2, 3
List the prime factors of (-2)/13 - 480/(-78).
2, 3
Suppose 4*l + 0*l + 10 = -2*w, -l - w - 4 = 0. Let j = 2 + -12. Let v = l - j. List the prime factors of v.
3
Suppose 2*c = 3*l - 1 - 4, -2*c - 3*l + 13 = 0. Suppose -g + m = c*m - 29, -3*g + 77 = 5*m. List the prime factors of g.
2, 17
Let h(p) = 2*p + 22. What are the prime factors of h(11)?
2, 11
Suppose 4*a - 1027 = -5*m, 0 = -5*m - 5 - 0. What are the prime factors of a?
2, 3, 43
Let d(h) = 13*h**3 + h**2 + 2*h + 1. Let w be d(-1). Let t = 73 + w. Suppose 3*l = -l + t. What are the prime factors of l?
3, 5
Let h = -1 + 10. Suppose -4*z = h - 25. What are the prime factors of z?
2
Suppose 10*u = 6*u + 112. Let h = u - 11. List the prime factors of h.
17
Let h(p) = 5*p**3 - 4*p**2 + 2*p. Let u be h(2). Let f(v) = -36*v**3. Let q be f(1). What are the prime factors of (q/(-14))/(6/u)?
2, 3
Let v = -2 + 4. Let h be ((-4)/4)/(v/34). Let i = 24 + h. What are the prime factors of i?
7
Let x(s) = s**3 - 11*s**2 + 2*s + 2. List the prime factors of x(11).
2, 3
Let m be (-2)/(-6) - (-52)/(-3). Let d = 24 + m. What are the prime factors of d?
7
Let s(n) = 4*n**2 - 4*n. Let w be s(3). Let a = 9 - w. Let r = -10 - a. List the prime factors of r.
5
Suppose 0 = -6*p + 10*p. Suppose 5*i - 7 - 28 = p. Suppose -2*v - 5 = -2*k + i, -2*v = -2. What are the prime factors of k?
7
Let b = 8 + -3. Suppose -i + 2*i - b = 0. List the prime factors of i.
5
Suppose 2*i - 4*x = 460, i + 3*i - 3*x = 920. List the prime factors of i.
2, 5, 23
Let f be 1*(-4)/((-12)/(-21)). Suppose m + 0 = -1. List the prime factors of f*m/(-2)*-2.
7
Let l(w) = -w**2 + 5*w + 5. Suppose 0*r - 3*r + 15 = 0. List the prime factors of l(r).
5
Let f(s) be the first derivative of -s**5/20 - 7*s**4/12 - s**3/3 - 2*s**2 + 3*s - 1. Let r(k) be the first derivative of f(k). List the prime factors of r(-7).
2, 5
Suppose 2 - 11 = -3*b. Suppose 0*u = -u - 2*k + 33, 4*k - 95 = -b*u. What are the prime factors of u?
29
Suppose -4*x + 2*x + 36 = 0. What are the prime factors of x?
2, 3
Suppose -3*v - 606 = -4*k, 0 = 4*k - 4*v - 375 - 233. Suppose 5*x = -4*d - k, -3*d + 0*x - 111 = 3*x. List the prime factors of d/(-4) - (-3)/12.
3
Let t = 37 + -23. List the prime factors of t.
2, 7
Suppose -5*p + 8*p + h - 9 = 0, -p = 3*h - 3. Suppose 0 = 3*n + p - 15. What are the prime factors of n?
2
What are the prime factors of (12/(-14))/((-13)/455)?
2, 3, 5
Suppose 4*i = -i. Let k = i + 9. What are the prime factors of k?
3
Suppose 0 = -5*u - 4 + 14. Suppose v = 5 - 1. Suppose 12 = v*p - u*q - 38, 7 = p + 5*q. List the prime factors of p.
2, 3
Suppose 5*r + 65 = 665. Suppose 0 = 2*k + i - 50, -3*k = 2*k + 5*i - r. What are the prime factors of k?
2, 13
Let v be 27/6 - 2/(-4). Suppose -25 = -v*d - 8*j + 3*j, 0 = -2*d - 3*j + 12. Suppose -d*q - 4*h + 32 = q, 9 = 2*q - 5*h. What are the prime factors of q?
7
Let q(n) = -5 + 8*n - 5 + 2 - n**2 + 2. What are the prime factors of q(6)?
2, 3
Let j(y) = -y**3 - 6*y**2 - 3*y - 9. Let a(o) = -3*o. Let n be a(2). Let q be j(n). Suppose q = 5*p - 11. What are the prime factors of p?
2
Suppose 0 = -3*j + 20 + 19. Suppose -p = -j - 4. Wha